20553?
12027
In base 6, what is 203104432 + 41?
203104513
In base 5, what is -10203434300 + 2?
-10203434243
In base 16, what is -4e0545 + -f?
-4e0554
In base 14, what is 5645 + 4d42?
a587
In base 15, what is 1 - -1674939?
167493a
In base 6, what is -2124413425 - 0?
-2124413425
In base 15, what is 36eb883 - -1?
36eb884
In base 5, what is -100114431 - 2321?
-100122302
In base 8, what is 15 + -10266526?
-10266511
In base 14, what is -1c + -5a1466?
-5a1484
In base 16, what is -4 - 2716d2?
-2716d6
In base 10, what is -20 + -1916744?
-1916764
In base 16, what is 4 + -13078e8?
-13078e4
In base 5, what is -140012 + 1320014?
1130002
In base 14, what is -1b12848 - 8?
-1b12852
In base 15, what is -4 + a0ac6?
a0ac2
In base 16, what is df9b + -60?
df3b
In base 4, what is 20210333301021 + 2?
20210333301023
In base 3, what is -10 - 100112110121210222?
-100112110121211002
In base 8, what is -47074 + 61010?
11714
In base 7, what is 12 + 4021252?
4021264
In base 10, what is 229188163 - -5?
229188168
In base 9, what is 26 - 180783?
-180756
In base 4, what is -101033232 - 3133?
-101103031
In base 2, what is -11100010101 + -100001011100110?
-100100111111011
In base 11, what is 3 - 710343?
-710340
In base 16, what is 67be - 4e?
6770
In base 11, what is -4089310 - 3?
-4089313
In base 11, what is -4 + -20a55933?
-20a55937
In base 8, what is -37 + -341456?
-341515
In base 3, what is -1100012002021 + 22?
-1100012001222
In base 8, what is 22201 - -10514?
32715
In base 10, what is -112264 - -64?
-112200
In base 9, what is -24 + 26841000?
26840865
In base 3, what is 111021 - -102121?
220212
In base 7, what is 112052666 - 5?
112052661
In base 2, what is -10 + 11001101111001110010000001?
11001101111001110001111111
In base 3, what is -220021100201 - 21?
-220021100222
In base 3, what is -1100221201121101 + 11?
-1100221201121020
In base 16, what is -4addc1e + -5?
-4addc23
In base 3, what is 21201220 + 220010202?
1011212122
In base 3, what is -1022110220110 + -110110?
-1022111100220
In base 15, what is -92dc3b - -4?
-92dc37
In base 10, what is -15 + 149529?
149514
In base 7, what is 1104 - -20031?
21135
In base 7, what is 404 - -11234464?
11235201
In base 10, what is -1532 + -97670?
-99202
In base 2, what is -1000 + -1001000011110000011000?
-1001000011110000100000
In base 14, what is 2 + 205a5a?
205a5c
In base 6, what is 425341 + 445?
430230
In base 4, what is -10211 - -100313211?
100303000
In base 15, what is 3 - 124bdc?
-124bd9
In base 2, what is -1001010110011111111 - 10?
-1001010110100000001
In base 8, what is -1754 + 101765?
100011
In base 15, what is 1288 - d9ea?
-c762
In base 16, what is -5c27c78 + 2?
-5c27c76
In base 6, what is -15553455102 - 2?
-15553455104
In base 5, what is 2434233 - -23002?
3012240
In base 8, what is -171305 + 14553?
-154532
In base 14, what is -5 + -104a38c?
-104a393
In base 5, what is 0 + 444310240?
444310240
In base 7, what is 330 + 33364?
34024
In base 3, what is 20210 + -1012002121?
-1011211211
In base 14, what is -2b9163b + 3?
-2b91638
In base 12, what is -63762 + 34?
-6372a
In base 9, what is 5 + 312761126?
312761132
In base 16, what is 33792 - 0?
33792
In base 3, what is -112001010202121 + 102?
-112001010202012
In base 13, what is -14ca5 + 1309?
-13999
In base 14, what is -92c + -3b13?
-4641
In base 11, what is -346 + -23822?
-24068
In base 4, what is 2113010 - 2311?
2110033
In base 10, what is -89 - 10510490?
-10510579
In base 13, what is 86 + 13441?
134c7
In base 13, what is 3c14459 - 1?
3c14458
In base 10, what is -11 - -10665040?
10665029
In base 3, what is 110 - -10110220021020212?
10110220021021022
In base 13, what is -5288 - 896?
-5b51
In base 4, what is 1 + -21023023300?
-21023023233
In base 2, what is 110001100011101010 - -101111?
110001100100011001
In base 12, what is -107 - 7b7353?
-7b745a
In base 16, what is 49 + -2df59?
-2df10
In base 2, what is 100001000000101010101 - -1001001?
100001000000110011110
In base 15, what is 10c0 - -da3c?
eb0c
In base 7, what is -26 - 3456116?
-3456145
In base 6, what is 3344042 - 122?
3343520
In base 15, what is -281814e + -b?
-281815a
In base 6, what is -14 - -1521223502?
1521223444
In base 6, what is -5121 + 14213?
5052
In base 9, what is 1 + -1375778?
-1375777
In base 10, what is -9365 + 512?
-8853
In base 12, what is -344611a + 7?
-3446113
In base 2, what is 110101011110 + -1000000001111?
-1010110001
In base 10, what is -122 - -3843?
3721
In base 14, what is 14a - -20b46?
20c92
In base 3, what is -11202 - 22122122?
-22211101
In base 6, what is -13513533142 + -5?
-13513533151
In base 8, what is -637 - 12245?
-13104
In base 4, what is -10120 - -1313003?
1302223
In base 8, what is 20350413 + -1?
20350412
In base 9, what is 61 - -2708014?
2708075
In base 12, what is -5 + -494a340a?
-494a3413
In base 13, what is -26 - 40509?
-40532
In base 16, what is 11e5 - 1ee8?
-d03
In base 9, what is -2780 - 17870?
-21760
In base 13, what is 3b8b40 - -257?
3b9097
In base 10, what is -10803 + 15513?
4710
In base 12, what is -2342bb69 - 3?
-2342bb70
In base 15, what is -3390 - -33?
-335c
In base 7, what is 252 + 35415030?
35415312
In base 9, what is -307708 - -435?
-307263
In base 8, what is 1127 + 44172?
45321
In base 8, what is 5756 + -356110?
-350132
In base 16, what is -7e5c67 + 2?
-7e5c65
In base 6, what is 1332421 + -155300?
1133121
In base 3, what is -11011201112 - -101010?
-11011100102
In base 8, what is -1165363 + 704?
-1164457
In base 2, what is 0 - -11010011000101001010?
11010011000101001010
In base 12, what is 6529689 + 4?
6529691
In base 15, what is 8d626 - 7?
8d61e
In base 2, what is 1 - 11100110011001110111011110?
-11100110011001110111011101
In base 12, what is 2089 + 20857?
22924
In base 11, what is 24a9a - 794?
24306
In base 12, what is -12 + 95a9275?
95a9263
In base 8, what is 7526 + -333?
7173
In base 13, what is -382 - 10b6a?
-1121c
In base 16, what is -2250ea - -3?
-2250e7
In base 3, what is 11 - 100211010100201002?
-100211010100200221
In base 2, what is 110000100010110 - 100011100100?
101100000110010
In base 15, what is 31d04024 + -5?
31d0401e
In base 12, what is -3 - 108a47a2?
-108a47a5
In base 12, what is b87285 - 1?
b87284
In base 14, what is -96 - 2d30dd?
-2d3195
In base 5, what is -13313232 + -431?
-13314213
In base 6, what is 11215521 + 13041?
11233002
In base 5, what is 3242132420 - 24?
3242132341
In base 10, what is -3 - -43972516?
43972513
In base 16, what is 5 - -23d01d1?
23d01d6
In base 7, what is -434 + 4301303?
4300536
In base 11, what is -127793 + 63?
-127730
In base 10, what is 301 - -15672?
15973
In base 16, what is 109 - 471f4d?
-471e44
In base 12, what is 4 - b1169?
-b1165
In base 11, what is -396 + -14191?
-14577
In base 10, what is 20 + -1775247?
-1775227
In base 16, what is -106b55 + 5d?
-106af8
In base 12, what is 5a1 + -367b?
-309a
In base 11, what is 1 - -11a6219?
11a621a
In base 8, what is 12451 + 1047?
13520
In base 13, what is -13 - 38621c?
-386232
In base 15, what is -543 + 35601?
350ad
In base 5, what is 213111424 + -1?
213111423
In base 9, what is -4187315 - -47?
-4187257
In base 8, what is 4 - -13500353?
13500357
In base 9, what is 442 + 5501?
6043
In base 8, what is 6305013 - -76?
6305111
In base 15, what is 4cd + 1995b?
19e39
In base 16, what is -a + f1a449?
f1a43f
In base 15, what is -2263b - 2c?
-22668
In base 2, what is -11011110111011 + 1001101001110000?
110001010110101
In base 10, what is -121 + 49579?
49458
In base 3, what is 22 + 100101112?
100101211
In base 5, what is 123 - -3143230?
3143403
In base 16, what is -3 + 49d7a14?
49d7a11
In base 9, what is -57441034 + 7?
-57441026
In base 15, what is 3e7 + -67bb?
-63c4
In base 7, what is 0 + -50335123?
-50335123
In base 4, what is 3122 + 31320?
101102
In base 13, what is -78b2b04 + -b?
-78b2b12
In base 15, what is -2 - -382b893?
382b891
In base 11, what is -2 - 710082?
-710084
In base 14, what is 5830 - 868c?
-2c5c
In base 2, what is -11100 + -1000111101000001101111?
-1000111101000010001011
In base 2, what is -11001110010110101011100 - 0?
-11001110010110101011100
In base 11, what is 2 - 61275705?
-61275703
In base 5, what is 33 - -1344141100?
1344141133
In base 4, what is -322333 + -23231220?
-30220213
In base 13, what is a5c598b1 - -4?
a5c598b5
In base 12, what is -156 - 4852a8?
-485442
In base 10, wha